t w = -279 - -270. Let s be n(w). Give v(s).
7
Let u(v) = -v + 5. Suppose -18*y - 1200 = -10*y. Let j = -161 - y. Calculate u(j).
16
Let q(m) = -m**3 + 30*m**2 + 39*m + 51. Let u(b) = b**3 - 31*b**2 - 38*b - 40. Let d(f) = -3*q(f) - 4*u(f). What is d(35)?
7
Suppose -5 = 2*j - j + 2*t, 37 = -5*j + 2*t. Suppose 0*w = 2*w - x - 14, w + 3*x = 0. Let u(r) = w*r - 44*r**2 + 18*r**2 + 2 + 16*r**2 + 11*r**2. What is u(j)?
9
Let j(f) = -f**3 - 6*f**2 + 8*f - 3. Suppose -7*u = -6*u - 77. Let w be 2*u/(-44)*1*2. What is j(w)?
-10
Let o(z) = -2*z**2 + 12*z + 13. Let u be o(7). Let g(j) be the third derivative of j**6/30 + j**5/30 + j**4/24 - j**3/6 + j**2 - 14. Give g(u).
-4
Let k(y) = y**2 + y. Let x(c) = c**3 - 8*c - 1. Let q(l) = -5*l - 91. Let r be q(-18). Let s(n) = r*x(n) - 4*k(n). Give s(-5).
6
Suppose 0 = 4*u - 4*y - 128, 4*u + y - 3*y - 120 = 0. Suppose -9*q + 16*q = u. Let d(t) = -t**3 + 7*t**2 - 3*t - 5. What is d(q)?
31
Let s = -3644 + 3631. Let d(r) = r**3 + 14*r**2 + 15*r + 2. What is d(s)?
-24
Let i be (4976/(-7464))/(-2*2/30). Let f(d) = 8*d**2 + 29*d + 9. Let u(r) = 3*r**2 + 10*r + 3. Let c(t) = -4*f(t) + 11*u(t). What is c(i)?
-8
Let c(m) be the second derivative of m**4/3 - 2*m**3/3 + 3*m**2/2 + 728*m. Let d(g) = -g**3 - 5*g**2 - g - 3. Let h be d(-5). What is c(h)?
11
Let r(n) be the third derivative of n**5/60 - n**4/6 + n**3/6 + 965*n**2 + n. Let f = -6 - -15. Suppose f = 3*u - 6. Give r(u).
6
Let r(o) = 151924 + 151920 - 303836 - 3*o. Let p be (-4)/2 - (-11 - -3). What is r(p)?
-10
Let c(a) be the second derivative of -2*a**3 - 91*a**2/2 - 103*a + 1. Give c(-8).
5
Let z(m) = m**2 - 12*m + 28. Suppose -34*r + 5*o = -38*r + 45, 2*r + 4*o = 30. Give z(r).
-7
Let a(l) = -10*l - 20. Let y(d) = 12*d - 98. Let i be y(8). Calculate a(i).
0
Let x be 11 + -1 - ((-1)/3)/(1/(-3)). Let c(p) = -p**3 + 5*p**2 + 37*p - 6. What is c(x)?
3
Let f(v) be the second derivative of -v**4/12 + 2*v**3 + 129*v**2 - 265*v. Calculate f(23).
5
Let i(z) = -z**3 + 7*z**2 - 9*z + 5. Let a(r) be the first derivative of -9*r**2/2 + 78*r - 102. Let x be a(8). What is i(x)?
-13
Let y(s) = s. Let n(j) be the first derivative of -5*j**2/2 + 101*j + 39. Let z be n(21). What is y(z)?
-4
Let q(d) = -d**2 - 10*d + 10. Let c(z) = 2*z**2 + 13*z + 21. Let a be c(-4). Let t be q(a). Let h(i) = -i**2 - 2*i - 1. Determine h(t).
0
Let l be (0 + 3 - (-3 + 3)) + 5/(-3). Let y(h) be the first derivative of -l*h**3 + 3/2*h**2 - 1/4*h**4 - 6*h - 3. Give y(-5).
4
Let i(j) be the third derivative of j**6/120 - j**5/12 - 5*j**4/24 + j**3/6 + 73*j**2 + 10*j. What is i(4)?
-35
Suppose -99*c + 102*c = -12. Let k(a) = -15*a**2 - 30*a + 20. Let z(i) = -8*i**2 - 16*i + 11. Let l(x) = -6*k(x) + 11*z(x). Determine l(c).
17
Let g(d) = -d**3 + 7*d**2 - d + 1. Let o(b) = 12*b + 3. Let v be o(6). Let f = v - 68. What is g(f)?
-6
Let a(j) be the first derivative of 3*j**2 - 14*j + 3. Let d = 12 - 10. Let x be a(d). Let t(q) = -q**2 + 2. Calculate t(x).
-2
Suppose 405 + 791 = -13*i. Let s = i + 94. Let q(l) = -20*l - 12 + 27*l - l**2 + 2*l**s - 14*l. Determine q(9).
6
Let w(b) = 6*b - 15. Let g(y) = 2*y - 1. Suppose -15*t = -26 + 11. Let a(i) = t*w(i) - 4*g(i). What is a(-7)?
3
Let c(y) = -3*y**2 + y - 3. Let r(b) = 3*b + 49. Let o be r(-13). Suppose 8*n - o*n = -6. Give c(n).
-27
Let f(s) = -16*s + 3*s**3 - 5*s**2 + 16*s**2 + 3*s**2 + 422 - 2*s**3 - 439. What is f(-15)?
-2
Let f(m) = -m**3 + 4*m**2 + 5*m**2 + 2*m - 6*m - m - 1046 + 1031. Give f(8).
9
Let t(k) = k**3 - 6*k**2 + 4*k + 5. Let r be t(5). Suppose -4*g - g - 195 = r. Let o = g + 42. Let w(h) = 2*h**3 - 3*h**2 - 4*h - 1. Determine w(o).
14
Let p(x) be the first derivative of 5*x**2/2 + 59*x - 2380. What is p(-17)?
-26
Let l(y) = 36*y - 74. Let s(k) = -3*k + 6. Let a(o) = -2*l(o) - 25*s(o). Calculate a(-1).
-5
Let f(h) = 2*h - 24. Suppose 5661 = -23*v - 5287. Let i = 495 + v. Calculate f(i).
14
Let w be 365/(-91) + (-395)/2765 - 3/78*-4. Let d = -2 + 4. Let o(n) = d*n**2 - n - 3*n**2 - 1 - 4*n. Determine o(w).
3
Let d(n) = 11*n + 29. Let p = -7265 - -7261. What is d(p)?
-15
Let j(m) = 6 - m**2 + m**2 - 5*m + 2*m**2. Let g(r) = -r**2 + 10*r + 17. Let k be g(11). Suppose 26 = 5*b + k. Calculate j(b).
18
Let v be (3/(-3))/(42/84). Let i(j) = -16*j - 40. What is i(v)?
-8
Let o(m) be the second derivative of -2*m**3/3 + 4*m**2 + 3*m + 6. Let k = 27 - 21. What is o(k)?
-16
Let o(j) = j**2 + 4*j - 1. Let v = 5 + -1. Let u(k) = -k**3 + 3*k**2 + 8*k - 11. Let c be u(v). Suppose 0 = -13*x + c*x - 16. What is o(x)?
-5
Let x = 24 - 3. Suppose 0 = w + n + 2, w - 3*n - x = -w. Let p(y) be the second derivative of -y**5/20 + y**4/6 + y**3/2 - 2*y**2 + 2*y - 47. Determine p(w).
-4
Let c(g) = -5*g - 4. Suppose -36*b = -28*b - 24. Suppose 0 = 5*z + 4*w + 36, w + b*w + 24 = -2*z. Determine c(z).
16
Let v(s) be the first derivative of -2*s**2 + 10 - 1/4*s**4 + 6*s + 5/3*s**3. Let i = 210 - 205. Determine v(i).
-14
Let q(j) be the second derivative of 3*j**5/20 - 29*j**4/6 - 41*j**3/6 + 23*j**2/2 + 1537*j. Calculate q(20).
3
Let a be (-33)/88 - (-27)/8. Let o(g) = 92*g**3 + a*g + 2 - 189*g**3 + 92*g**3. Give o(-1).
4
Let u(a) = -11*a - 4. Let d be (-54)/153*-17 - (-14)/(-2). Calculate u(d).
7
Let m(h) = -h - 1. Suppose 8*q - 9 = 39. Suppose 4*c - q*c = -0*c. Suppose c = 6*r - 4*r. What is m(r)?
-1
Let x = -5049 + 5031. Let p(w) = w**3 + 18*w**2 - 4*w - 18. Calculate p(x).
54
Let w(l) be the second derivative of -l**4/12 + l**3/6 - 113*l**2/2 + 937*l. Calculate w(0).
-113
Let t = -884 + 887. Suppose -6 = -2*r - t*u, 2*r - u = -7 + 13. Let m(w) be the third derivative of w**6/120 - w**5/30 + w**3/6 - w**2. Determine m(r).
10
Let t(j) = -j**3 - 4*j**2 - 3*j - 2. Let l = -474 - -476. Let z be 1/(3/456) + 0. Let x be l/12 + z/(-48). What is t(x)?
-2
Let n(u) = -28*u + 10*u + 10*u + 4*u - 7 + 3*u - u**3. Let s(d) = -5*d + 12. Let y(t) = 11*t - 25. Let w(j) = -13*s(j) - 6*y(j). Let a be w(-6). Calculate n(a).
-7
Let s(z) = -5*z**2 + 140*z + 81. Let x(b) = -2*b**2 + 47*b + 29. Let h(j) = 5*s(j) - 14*x(j). What is h(-14)?
-1
Let n = -173/860 - -54/215. Let v(g) be the third derivative of 1/24*g**4 + 0 + 0*g + 22*g**2 - 1/6*g**3 - n*g**5. Determine v(2).
-11
Suppose -8*r + 30 = -10. Suppose 3*o + o + r*n = 17, 4*o + 3*n = 15. Let s(z) = 2*z**3 - 5*z**2 + z + 3. Determine s(o).
15
Let b be (-32)/(-30) + (-210)/3150. Let g(m) = -59*m**2 - 7*m + 7. Give g(b).
-59
Let y(i) = -1 - 69*i - 68*i + 5 + 136*i. Suppose 0 = -5*t + 4*t + 22. Suppose -4*k + m = -23, 2*m = -k - m + t. What is y(k)?
-3
Let h(i) = i**2 + 3. Let t = -315 - -580. Let m = t + -265. Determine h(m).
3
Let v be 3 - (1 + (-3 - -1)). Let s(z) be the third derivative of 1/8*z**4 + 13*z**2 + 0*z**3 + 0 + 0*z. Calculate s(v).
12
Let h(i) = -2*i**2 - 7*i + 5. Let w be (0 - 4 - (-2 - -6))*2/4. What is h(w)?
1
Let r = 130 - 135. Let d(v) = 5*v**2 + 17*v + 1. Let q(l) = 6*l**2 + 20*l. Let c(s) = r*d(s) + 4*q(s). Calculate c(-4).
-1
Let x be (-105)/(-12) + -3 - 9/(-36). Let n(h) = 2*h**2 + 8*h + 9. Let w(o) = 3*o**2 + 15*o + 17. Let f(s) = 5*n(s) - 3*w(s). Determine f(x).
0
Suppose -3*h - 13 = -5*l, -3*l + 5*h = l - 13. Let o(a) be the second derivative of -13*a**3/6 + a**2/2 + 1591*a. Calculate o(l).
-25
Let u(k) = k**3 - 6*k**2 - 2*k + 4. Let p(a) = -a**3 + 7*a**2 - 9*a - 8. Let w be p(4). Let f be 9*(w/((-24)/(-10)) + -1). Give u(f).
-8
Let z(k) = 5 + 215*k + 5*k**2 - 23 - 17 - 82*k - 20*k. Give z(-23).
11
Suppose -2*k - 2*m = 3*k - 248, -3*m + 12 = 0. Let f = k + -46. Let b(v) = -3*v + 5*v - v - v**f + v + 2. Give b(-3).
-13
Suppose -4*q + 21 - 106 = -c, 0 = 4*c + q - 374. Let r = 92 - c. Let m(w) be the third derivative of 5*w**4/12 + w**3/6 - w**2. Calculate m(r).
-9
Let r(j) = -163*j**2 + 297*j**2 - 6 - 152*j**2 - 145*j. Let c be r(-8). Let z(d) = d**3 + d**2 - d - 2. What is z(c)?
8
Let z = 3 - -20. Suppose 0 = 2*q - 3*h + 31, -7*q = -2*q - h + 97. Let f = q + z. Let n(r) = 2*r**2 - 4*r - 1. Calculate n(f).
5
Let b(v) = v**2 - 6*v + 6. Let o = 14 - -4. Let p be 1*(-2)/6*0/o. Suppose p = 2*d - 20 + 10. Give b(d).
1
Suppose o + 3 = 4*p - 14, -18 = -3*p - o. Let k(r) = -p*r + 1 + 0*r + 0*r + 7*r. Suppose -13 = -4*t - 5*z - 15, -3*z = -t + 8. Calculate k(t).
5
Let t(a) = 54*a**2 + 20*a - 45. Let s(h) = 31*h**2 + 1